 -4 - -7) + 0 + 8.
9
Evaluate 14 - (-2 + 6) - (-30 - -33).
7
Calculate (67 - 69) + (3 - -7).
8
Evaluate -13 + -2 + -3 - (3 + -4 - 2).
-15
Calculate (-7 - -1 - (14 - 14)) + -11.
-17
Evaluate 29 + (7 - 19) + -37 + -15.
-35
7 + (34 - 35) - -12
18
(-1 - (2 - (1 + 6)) - 3) + -15
-14
Calculate -6 - (-14 - -8) - (2 - 6).
4
What is (12 - -1 - (-12 + 30)) + (-1 - 12)?
-18
What is -1 + -5 - (40 - 50) - (-86 + 67)?
23
Calculate -10 + -3 + 8 + -2 - (-6 - -3).
-4
Calculate -39 - 5 - (21 - 40).
-25
Calculate -35 - -23 - (-5 - (-10 + -5)).
-22
What is -11 - (7 + -16 - 7 - -1)?
4
1 - ((14 - 2) + -82 + 70)
1
-7 + (1 - (10 - (-7 + 2)))
-21
What is -6 + (-5 - (-16 + -8) - (4 - 0))?
9
What is 19 - (-2 - (-7 + -11))?
3
-66 - -57 - (1 - 5) - 4
-9
Evaluate 8 + (18 + -16 + -26 - 12).
-28
Evaluate (-51 + 22 - -35) + -34.
-28
-8 - ((-16 - (7 + -15)) + 1)
-1
What is 12 + (-35 + 4 - -52)?
33
What is the value of -18 + 10 + (-13 - -15)?
-6
Evaluate (-7 - -13) + (5 - (-1 - (-19 - -4))).
-3
-36 + 16 + 16 + 4 + -1 + 0
-1
Evaluate -11 + 10 + -3 + 4.
0
26 - (12 + 10) - (-7 - -2) - -17
26
Evaluate -5 + (-1 + 2 - (-12 + 27 + -20)).
1
What is (9 - 2 - 0) + -7 - (1 - -25)?
-26
Calculate 2 - (14 - (-5 + -9 - -5)).
-21
5 + 7 + -20 - 12
-20
Calculate 1 + -8 + (10 - 6) + -26 + 7.
-22
Calculate (-148 - -134) + (19 - -2) + 2.
9
Evaluate 23 - 9 - 15 - 5.
-6
What is 7 + (-12 - -10) + 0 + 0?
5
(5 + (-9 - -5) - 23) + 13
-9
Evaluate -2 - 30 - -26 - (-2 - -2).
-6
Calculate 21 + 0 + (-23 - -5).
3
Evaluate 19 + (-1 - 7 - (9 - 4 - 6)).
12
What is the value of -15 + (35 - (-13 - -29))?
4
Calculate (23 - 18) + (-10 - -5 - -4).
4
10 + (-3 + -14 - 0)
-7
Calculate -25 + (42 - 17) - (2 - -1).
-3
What is the value of 23 - (14 - (-37 - -38))?
10
What is the value of 2 + 13 + -383 + 379?
11
What is (-9 - (9 - 2)) + 4?
-12
What is 8 + (6 + 2 + -56 - (18 + -22))?
-36
What is the value of -6 + (9 - 1 - -4 - 14)?
-8
What is 8 - (3 + 7 + (-12 - -6))?
4
What is the value of 1 + -6 + (13 - (31 - 19))?
-4
Calculate 2 + 5 + (2 - -5).
14
Calculate -7 + 12 + -4 + 6 + 0 + -17.
-10
Calculate -12 + (-9 - -27 - 2).
4
What is (-16 + 37 - 23) + 11?
9
Evaluate (11 - 24 - 1) + 7 + -4.
-11
Calculate (23 - 68) + -17 + 17 + 9.
-36
Calculate (-12 - (13 + -10)) + 29.
14
What is the value of 7 - (-7 - (-4 + -15))?
-5
Evaluate 1 + 10 + -2 + 1 + -182 + 180.
8
What is (126 - 121 - (2 + (-2 - -5))) + -22?
-22
What is the value of (106 - 76) + 5 + (3 + -5 - 6)?
27
What is 13 - (-16 - -28) - 10?
-9
What is the value of (6 - (1 - 5) - (-23 + 20)) + 7?
20
Evaluate -51 - -63 - (5 + (-3 - -1)).
9
0 + -9 + (16 - 10) + 4
1
Evaluate 8 - (-2 + 4 + -2) - (-598 + 624).
-18
What is the value of 61 + -26 + -17 + -21?
-3
Calculate 4 + -1 - (1 + -13 - 4 - -30).
-11
Calculate (-7 - (-9 + 9)) + (2 - 6).
-11
Calculate 7 - (-34 - (-33 - 40)).
-32
What is -7 + 0 + (35 + -39 - (1 + -13))?
1
Calculate (-17 - (7 - 12)) + 8 + -28.
-32
What is the value of -65 + 97 - (1 - -57)?
-26
What is the value of (11 - 1) + (-23 - -3)?
-10
Evaluate -1 + 44 + -3 + (368 - 385).
23
Evaluate 19 + 17 + -21 + -7 + 14.
22
Evaluate -2 + 4 + -4 + 5 + -1 + -2.
0
What is the value of -5 - (16 + -12) - (-25 - -2)?
14
Calculate -2 + 3 + -15 + (425 - 406).
5
(6 + (1 + -2 - 14) - -3) + 2
-4
What is the value of -1 + 3 - 7 - (1 - -5 - -1)?
-12
Calculate -5 - (2 - (9 + (5 - (-5 - -7)))).
5
Calculate 3 - 1 - -8 - 8 - -8.
10
Calculate (-2 - 0) + (3 - (-5 - 4 - -17)).
-7
What is the value of (-6 - -1 - -5) + (2 - 1) + -2?
-1
What is the value of -7 + -1 + (8 - 4) + 2 + 0?
-2
Evaluate (4 - 3) + 19 - ((0 - -19) + -21).
22
Calculate -14 + (23 - 11) + 6 - (30 + -1).
-25
What is 8 + 0 - (-1 + -1 + -5 + 2)?
13
(-2 - -3) + (9 - (-8 - -13)) - 7
-2
(-10 + 29 - 11) + -32
-24
Evaluate 23 + 28 + (-26 - -16).
41
Evaluate 10 + (10 - ((6 - (3 - 3)) + 2)).
12
What is (3 - 12 - (7 - 5)) + 7?
-4
What is the value of 7 - ((5 - 9) + (-2 - -12))?
1
(-99 - -83) + (13 - -1) + (-11 - 0)
-13
Evaluate (-10 - 12) + 28 + 16.
22
What is the value of -3 + 1 + (8 - ((6 - 14) + 9))?
5
(1 - 8) + (-27 + -8 - -66)
24
What is the value of 13 + (8 - 11) + 1 - 23?
-12
Calculate (45 - 56) + 11 + 0 - (2 + -1).
-1
What is 1 - ((-17 - -3) + 20)?
-5
Calculate (-3 + 5 - (16 + -3)) + 14.
3
Calculate (-11 - (23 + -10)) + 27.
3
0 - ((6 - 9 - -12) + 0)
-9
Calculate -436 - -467 - (19 + -1).
13
What is the value of -6 + (45 - 32) - -6?
13
What is the value of -8 + 1 + (-30 - (-35 + 23 - 7))?
-18
216 - 188 - (26 - 5)
7
What is 3 + -18 + 12 - -14?
11
What is (0 - (-1 - 28)) + (-40 - -88) + -51?
26
What is the value of ((4 - 6) + 0 - (2 - 7)) + -6?
-3
What is the value of (0 - 23) + (-202 - -219)?
-6
Evaluate -16 + -4 + 11 + 17.
8
Evaluate (-35 - (-21 + -21)) + (-1 - 17).
-11
What is the value of 11 + 2 + (14 + -24 - 9)?
-6
What is the value of -6 - ((-10 - -5) + 1)?
-2
(-8 - -2 - -12) + -6 - (-7 - -7)
0
What is (-2 - (3 - 18 - -6)) + 1?
8
(13 + (-37 - -16) - -33) + -11
14
Evaluate (-27 - -66 - 34) + 3 + -6.
2
9 + (-5 - 12 - -12)
4
What is the value of (-9 - -7) + (0 - 1 - -2) - 12?
-13
Calculate -12 + 3 + 39 + -22.
8
(27 - (6 - 16)) + -19
18
What is -16 - (2 - 1) - (-1126 - -1082)?
27
Evaluate 21 + (13 - (-12 - -24)) + (-8 - -3).
17
What is -17 - (15 + -47 + (1 - -16))?
-2
11 - (-4 - (0 - (-6 - -12)))
9
What is the value of (-1 - -3) + (-2 - 22 - -37)?
15
Evaluate (-1 - -10) + (-17 - -23 - (5 + 6)).
4
What is -6 + 4 + 12 + -21?
-11
What is (5 - -1 - 12) + 0 + (7 - 14)?
-13
What is -33 - (11 + -23 + (1 - -1))?
-23
Calculate 86 + -104 + 12 + -8 + 0 + 0.
-14
What is 24 + -14 + (6 - 14) + -1 + -2?
-1
Calculate (-10 - (-4 + 14 - 10)) + 24.
14
Calculate -7 + 3 + -6 + 24.
14
What is the value of (4 - 7) + (-4 - -3) + -2 + -12?
-18
What is 132 + -123 - (0 + 0 + -15)?
24
Calculate -1 - 5 - (2 + -2 + -25).
19
What is the value of -23 + 19 - (-1 - 13)?
10
(-8 + -16 - 5) + 43
14
Evaluate 14 - ((1 - 0) + -1 - 10) - 0.
24
-12 + (1 - -7) + (8 - 1) + 9
12
What is -13 + (16 - (-10 - -11))?
2
What is the value of 2 - -5 - (-25 - -33)?
-1
What is -4272 - -4248 - (2 + -2 + 1 - -9)?
-34
407 - 384 - (9 + -10 + (2 - -1))
21
Calculate 15 + (-10 - (-10 - 2)) - -8.
25
-10 - -1 - (86 + -122)
27
Evaluate (9 - (-10 - -1)) + -8.
10
Calculate 46 - ((-20 - -29) + 15).
22
Evaluate -20 + -26 - (-12 + 3) - -13.
-24
Evaluate -2 + -6 + -1 + (14 + 2 - 6).
1
Calculate 14 + 1 - (8 + -2) - -3.
12
What is (9 + -33 - -5) + -7?
-26
What is the value of -21 + 27 + -16 + -10?
-20
Evaluate (20 - 13) + -6 + -9 + -26.
-34
Calculate -19 + (9 - (-26 - -15)).
1
Calculate -6 + 4 + 6 + 56 + -57.
3
Calculate 49 - (12 - -16) - (-1 + 11).
11
Evaluate 36 - 38 - -10 - (2 + -6 + -4).
16
Evaluate 3 + 2 + (63 - 60).
8
527 + -518 - (-21 + 0)
30
(54 - 26) + -34 + (0 - -37)
31
What is -68 - -62 - (-18 + 3)?
9
What is the value of (-233 - -205) + (13 + -3 - 0)?
-18
What is the value of (-16 - -47) + -44 + (12 - -1)?
0
-19 - (-19 + -8 + -8)
16
Calculate (-536 - -560) + (-1 - 10).
13
Calculate (-1 - -8) + 6 + -8.
5
(12 - 1) + -93 + 58 - -10 - 1
-15
What is the value of (2 - -1) + (2 - 51) + 62?
16
What is the value of 0 + -16 + 11 + 9?
4
What is -1 - 0 - ((3 - -2) + 6 + -9)?
-3
Evaluate 6 - (26 + (-20 - -10)).
-10
Evaluate 4 - (-1 - -3) - ((-5 - -3) + 4).
0
(0 - 2) + 43 + -29
12
What is -37 + -19 + 62 + -12?
-6
What is the value of (-2 - 22) + 50 + (-18 - 17)?
-9
Calculate -20 + 8 + (-7 - -23) - (1 - 11).
14
What is the value of -2 + (4 - (-9 + 8)) + 1 + 2?
6
Calculate 814 - 845 - (1 + -66).
34
Calculate (-27 - (4 + -27 - -5)) + -6 + 1.
-14
Evaluate 9 - 16 - 35 - -22.
-20
-7 + -1 + -15 + 7 + 8
-8
What is (-467 - -448) + (3 - (0 + -1))?
-15
Evaluate 0 - (-6 + -9 - -10).
5
-1 + -3 - (151 + -148)
-7
What is the value of -2 + 2 + -39 + 31 - -19?
11
Evaluate -14 + 2 + (-12 - -13).
-11
What is the value of (3 - -1 - -7) + -23 + -5?
-17
Calculate -9 - (-18 + -7 + 19).
-3
(10 - -13) + -2 + (3 - -7)
31
-1 + 9 - ((-24 - -28) + 4)
0
What is (1 - 1) + (2 - 4) - 1?
-3
Evaluate 290 + -295 + 1 + 6.
2
Calculate (-96 - -122) + (-8 - 5).
13
Calculate (1 - 12) + (657 - 641).
5
28 - 0 - (37 + -16 - 8)
15
Calculate -1 + -12 + 7 + (0 - 3) + -1.
-10
What is 20 + -1 - (-3 - -15 - (-16 - -24))?
15
Evaluate -60 - (-82 - 3) - ((-1 - -9) + 0).
17
What is the value of -26 + (11 - 1 - (-57 + 55))?
-14
(-1 - 9) + 1 + -1 + 10
0
Eval